14 - -2) + 28).
-106
Evaluate -50 - (86 - (-20 - -95)).
-61
-35 + -2 + -1 + -5989 + 6004
-23
What is 30 - 21 - (12 + (33 - -4))?
-40
What is -148 - (0 + -7) - (-431 - -400)?
-110
What is the value of -89 - ((115 - 115) + -83)?
-6
What is -10 + (-2 - 0) - (8 - -3)?
-23
-34 - (13 - (-1 - -40)) - 17
-25
What is the value of -53 + 7 + (16 - (42 - 12))?
-60
Calculate 0 - -4 - (76 + -2 + -87).
17
Calculate -7 - (118 + -127 - (45 - 1) - 15).
61
What is (13 + 15 + -13 - 2) + 39 + -6?
46
What is 48 - 59 - (-7 + (-4 - 12))?
12
What is -1 + -20 + 2415 + -2334?
60
(3 - 8 - -4) + (6 - 4)
1
What is -7 - (137 + -10 + 4 + (12 - 21 - 4))?
-125
What is -2299 + 2248 + (21 - (0 - -3))?
-33
What is the value of (3 + -12 - (-43 + 29)) + (-106 - -2)?
-99
Evaluate (18 - 0) + (-106 - -20 - -12).
-56
What is the value of (1 - -15) + (-90 + 46 - 1) + 9?
-20
What is -26 + 41 + (-70 - -41)?
-14
-80 + 68 + -32 + 3 + 16
-25
(-75 - -23) + 26 - -56
30
What is the value of -5 + -22 - -21 - (23 + -6)?
-23
Evaluate (-14 - -18) + (9 - 21) + 0 + 13 + 3.
8
What is (-10 + (-4 - -2) - (7 - (79 - 55))) + 85?
90
Calculate 38 + (4 - (7 - -13) - 0) - 15.
7
Calculate -25 + 1 + (170 - 142 - (32 - -3)).
-31
Evaluate -1 + -23 + 30 + -49.
-43
What is the value of -4 + (11 - (2 + 1 + 4 - (6 + 12)))?
18
What is (-28 + 17 - 33 - 39) + -19?
-102
What is the value of -65 + -107 + 159 - (1 + -7)?
-7
What is 19 - 3 - (20 + 116 + -6) - -16?
-98
What is 9741 + -9738 + (-1 - -23)?
25
What is the value of 309 - 261 - (24 - -1) - 73?
-50
What is (-7 - (64 - (31 + 6))) + 100?
66
Evaluate -19 + (-35 + -15 + 38 - 14).
-45
Calculate (-8 - -34) + -86 + -24 - -4.
-80
Calculate 185 + -163 - (2 + 21).
-1
What is -36 - ((-84 - -73) + -3)?
-22
What is (33 - (-16 + 40)) + 11 + 1 + 12?
33
Calculate 86 - (-68 + (5 - -86)).
63
29 + -20 + (12 - 18 - 9) + 11
5
Evaluate -48 + (-54 - -57) + -5 + 3 + -3 + 1.
-49
What is the value of 2629 - 2645 - (50 - 1)?
-65
Calculate (-5 + (-1 - 12) - -15) + (-8 - -29).
18
What is the value of -11 - ((-14 - (-20 + 6)) + -66) - -3?
58
-4 + (4 - -34 - 9) + 3 + -3
25
Calculate 10 + -87 + (63 - (81 + -41)).
-54
3 + -73 - -97 - 49
-22
(80 - (39 - 30 - 13)) + -34
50
-261 + 245 - (1 - (-1 - -63))
45
What is the value of 14 + (86 - (77 + 65))?
-42
Calculate -640 + 672 + (0 - 1) + 30.
61
Evaluate 15 - ((18 + 0 - (-27 - -33)) + -7).
10
What is 511 + -520 + 38 + 10?
39
What is the value of -61 + 46 - -32 - 45 - -70?
42
Evaluate (-5 + (2 - -4) - -8) + -1.
8
What is -1 - ((-243 - -246) + -2 + -1 - 52)?
51
Evaluate -59 + (109 - 47) - (78 + 1).
-76
Evaluate (0 - -1) + -2 - (63 - (97 + -94)).
-61
What is the value of (-47 - 39 - 9) + 41?
-54
Calculate (-10 + 0 - 13) + (1 - -32) + (1 - -121).
132
What is the value of (74 - -30) + -37 + 6?
73
Evaluate 48 - -11 - ((22 - (-6 - -25)) + -6).
62
Evaluate (-13 - 1) + (3 + 79 - (158 + -123)).
33
Calculate ((-8 - -1) + 4 - (5 - 3)) + -41 + 36.
-10
What is (-1457 - -1501) + (0 - 108)?
-64
Evaluate (-9 - -51) + -103 + 9 + -4.
-56
What is 0 - (83 + -84 - (-4 - 4))?
-7
What is the value of 77 + -61 - 5 - (0 + -1)?
12
Evaluate -2 + -9 + (51 - (9 - (9 + -15) - -5)).
20
Evaluate 75 - 21 - 8 - 77.
-31
32 + -21 + -4 + -38 + 7 - 4
-28
What is (-8 - -1) + -11 + 94 + -43 + -17?
16
14 + (-13 - (-15 + 29))
-13
Evaluate 0 + -24 + -149 + 164.
-9
Evaluate (111 + -108 - (-6 + 1)) + -35 + 4.
-23
(20 - -3) + (-6 - -71) + -26
62
25 + -42 + 2 + -7
-22
What is the value of (44 - -14 - 27) + 11 + -10 + 4?
36
-135 + 160 + -8 + -31
-14
What is -2 - 8 - -1 - ((-54 - -172) + -36)?
-91
Calculate (-1 - -25) + -76 + -59 + 139.
28
Calculate -35 - (-4 - (-18 - -29) - -18).
-38
Calculate -35 + -8 - (-273 - -138) - (2 - -6).
84
Evaluate 42 - (23 + (-11 - (1 + 4))).
35
What is the value of 8 - ((0 - (-7 + (9 + -1 - -32))) + -10)?
51
What is 1 + 42 + 13 + -14 + -125?
-83
Calculate -49 - (-32 - (-27 - (-9 - 1))).
-34
42 + (-32 + 30 - 9 - -10)
41
What is the value of 24 + (-7 - (0 - -11) - -4)?
10
Evaluate -2 + 4 + (10 + 20 - 13).
19
Evaluate 3 - (8 + (-33 - (27 + -34))).
21
3 + 1 + (-3 + 27 - (-6 - (-75 + 51)))
10
Evaluate -6 + 8 - (42 + -25) - 73.
-88
Evaluate -19 + (-2 - -13) + (-36 - -11).
-33
What is the value of (1 - -2 - (22 - 17)) + -22 + (10 - 2)?
-16
What is -1 + 1 - (109 + -115 - -22)?
-16
What is (57 - 98 - -121) + (-25 - (-3 - 0))?
58
What is the value of -77 - (97 - (113 - 35))?
-96
Calculate (-3 - -29) + 39 + -15 + -30.
20
(2 - 1) + (-1 - 12 - -21 - -4 - -17)
30
Calculate (-1 - (-16 + 3) - (-889 + 896)) + -59.
-54
What is the value of -8 + -4 + 2 + (3 - (-4 + 3) - 6)?
-12
What is the value of (3 - (-132 - -160)) + (-1 - -4)?
-22
Calculate 11 + (10 + -11 - -16) + -12.
14
What is (22 - 20) + 11 - (-21 - -24)?
10
(-13 - -33) + 9 + 89 + -48
70
-28 + (-23 + 1 - -21) + (-5 - -19)
-15
Evaluate (-38 + -17 + 48 - (-16 + 2)) + (-8 - -1).
0
Calculate -488 + 506 - (1 - -15) - -29.
31
Calculate -11 + 52 + -62 + 53.
32
What is the value of -7 + -62 + -3 + 81 + -12 + -1 + 2?
-2
What is the value of -1209 + 1164 - (-2 + -43)?
0
What is -1 - 87 - ((-82 - -76) + -41)?
-41
What is (-5 - -19) + 4 - (-10 - -5 - 1)?
24
Calculate -4 - -3 - (493 - 518).
24
-13 + 49 + -121 + 14 + -3 + -3
-77
Evaluate -31 - 5 - (-1 + 13).
-48
(-15 - (-96 - -38)) + 2
45
What is the value of 106 + -99 + 0 + -11 + 17?
13
Calculate 6 - (-13 - (0 + 17 + 2)) - (1 - -1).
36
Evaluate 78 - 36 - 205 - -78.
-85
Calculate -33 - (-4 + -16 + -1).
-12
(28 - (-127 + 73)) + -35
47
Calculate -9 - (-1 - (17 + 6 + -9 + 34)).
40
Evaluate (24 - 1) + (-8 - (35 - 99)).
79
What is 32 - ((-32 - -31) + 24 - 2)?
11
What is (-7 - -6 - 2 - 6) + -6 + 8 - 4?
-11
Calculate 19 + 43 + (-162 - (46 - 60)).
-86
What is the value of 99 + -96 - (14 - -35)?
-46
Evaluate -63 - (-37 + 0 + 9 + 1 + 13).
-49
Calculate 30 + -34 - (1 + -1 - 5 - (38 + 1)).
40
17 + (94 - -1 - (-24 + 41 + -2))
97
What is the value of 1495 - 1448 - (28 - -1)?
18
What is -18 + (-13 - (-10 + (3 - 11)))?
-13
What is -9 - (4 - (17 - 5) - (3 - 6)) - 8?
-12
What is 4 + 0 + (12 - 14) + -16 + -47?
-61
What is the value of (9 - -43) + -14 - 40?
-2
What is the value of -11 + 8 - -2 - (-3 - (-5 + -3 + 55))?
49
-2 - (54 - 0) - (50 + -45 - 15)
-46
Evaluate (22 - (-1 + 13 + 1 + (-890 - -866))) + 10.
43
Calculate (0 - (-10 + -1) - -30) + -3 + 16.
54
4 + (7 + 28 - 34 - (2 + 58))
-55
What is 27 - 2 - (384 + -346) - -4?
-9
Calculate 6 + -1 + -7 + (16 + -18 - -8) - -9.
13
(2 - ((4 - 9) + 15 + -54)) + -10
36
14 + (44 + -19 - 25 - (-1 + -24))
39
-1 + 58 - (-8 + (-129 - -143) + 1 + 1)
49
What is 1499 - 1511 - (-1 + (-1 - 1) + -3) - -46?
40
What is the value of -160 + 186 + (84 - (14 + -24))?
120
Evaluate (2 - -10) + (195 - 212) - (-44 + (2 - 5)).
42
What is the value of (36 - 17) + -6 - 19 - 9?
-15
What is -39 - (-9 + -23 + 11)?
-18
What is -18 + (-21 + 8 - (-25 + 0 + -2))?
-4
Evaluate (-9 + -2 + (-16 - 6 - -17) - 9) + 4.
-21
-112 + 76 + (-2 - 3 - (-2 + 4)) - -9
-34
Evaluate -4 - (32 + -28 - 63) - 26.
29
(-32 - (-11 + -22)) + -3 + 18
16
Calculate 12 + (21 - (10 - -12)) - (-23 + 11).
23
What is -22 - (-42 - (-13 - (24 + -21))) - 21?
-17
-3 + 8 + -4 - (14 - (-45 + (18 - 18)))
-58
Evaluate -34 - (2 + 21 + -18) - (3 + -5).
-37
What is 3 + 0 - (-8 + (-17 - -33) + -23 + 8)?
10
13 + -45 + -4 + 5 + 9 + 6
-16
Calculate 13 - 0 - (-25 + (5 - 12)).
45
Evaluate 8 - ((21 - -3) + -17) - 19.
-18
(53 - (13 + 39)) + 17
18
What is 28 + -17 + -13 + (11 - 1) + (42 - 2)?
48
-104 + (62 - -7) + 18
-17
Calculate 8 + (-17 - -15) + (5 - 74).
-63
Evaluate (-7 - 14 - -5) + 1 + 13.
-2
120 + -22 + (-188 + 184 - (-16 + 2))
108
What is the value of -13 + (1 - (-14 + 5 + -2)) + 23?
22
What is the value of 2 - 21 - (-714 + 761)?
-66
Calculate 59 + 55 + (9 - 99).
24
-120 + 38 + -42 + 58
-66
-1 + 56 + (50 - 11 - 57)
37
Evaluate (-40 + 17 - -74) + -33.
18
106 - (240 + -67) - -87
20
What is -37 + 31 - (28 + 0 + -7 + 1 - -5)?
-33
Calculate 141 + -38 + (-5 - (-11 + -6)).
115
Calculate 39 + 12 + -26 + 4 + -29.
0
(38 + -3 - -2) + -8 + 1 + (9 - 3)
36
-41 + (30 - -43) + 27
59
Evaluate 14 - (((-18 - -36) + -28 - -100) + -9).
-67
What is (7 + 5 + 2 - 6) + -50 - 14?
-56
What is 9 + (-13 - 7) - (-1 + -11 + -17)?
18
545 + -542 - ((-17 - -13) + (1 - (1 + 1)))
8
Calculate 9463 + -9462 - (-1 + (-17 - -2)).
17
Evaluate (-1 - -25) + (66 - 88).
2
Evaluate -2658 + 261